 7*z - 37. Let q be m(z). Calculate the greatest common factor of 13 and q.
13
Let s = -196 + 197. Let m be ((-399)/19)/(s/(-5)). What is the highest common factor of m and 45?
15
Let d(u) = 5*u**2 + 228*u + 928. Let t be d(-4). What is the greatest common factor of t and 840?
24
Suppose 0 = -a + 5*r + 160, -4*r + 8*r = a - 158. Suppose 4*x - 483 = 105. Let c = 177 - x. Calculate the greatest common divisor of a and c.
30
Let l = -1733 + 4606. What is the highest common divisor of l and 68?
17
Let u(f) = -18*f + 93. Let v be u(-11). Let t = 311 - v. What is the greatest common divisor of t and 290?
10
Let s be ((-67374)/133)/(4/(-14)*1). What is the greatest common divisor of 18 and s?
9
Let n(r) = -3*r**2 - 150*r - 421. Let c be n(-47). What is the greatest common divisor of c and 631?
1
Let u = -2812 + 2848. Let b(v) = 14*v - 8. Let p be b(6). Suppose 4*l - p = u. What is the highest common factor of 308 and l?
28
Let n = -54 + 56. Let t be (-1*(-3)/n)/((-4)/(-40)). Let d(v) = -2*v + 72. Let w be d(31). Calculate the highest common divisor of t and w.
5
Let x be 2*(464/20 + 24/30). What is the greatest common divisor of 48 and x?
48
Let h be 3*(-3)/(-9)*0. Suppose h = -z + 10 + 6. Let d = 22 + -14. What is the greatest common factor of z and d?
8
Let w be 3 - 3*14/(-21). What is the greatest common factor of w and 1750?
5
Let g be (9/24 + (-8)/192*-47)*9. Calculate the greatest common divisor of g and 3507.
21
Suppose 0 = -4*s + 5*t + 185, -4*s = 2*t + 161 - 367. Calculate the highest common divisor of s and 490.
10
Suppose 630 + 1778 = 56*z. What is the greatest common divisor of 1 and z?
1
Let j be 51 + (-1)/(-2 - -1). Suppose 9*v - 967 + 445 = 0. Suppose v*k - 65 = 53*k. Calculate the highest common factor of k and j.
13
Let v(l) = 124*l - 1. Let t be v(2). Let i be 10*(6 - 7) + 29. Calculate the highest common factor of t and i.
19
Let v be (41/2)/((-2)/(-4)). Suppose -10242 + 6429 = -93*w. What is the greatest common factor of w and v?
41
Let c be 28 + (0 - (-4 - -4)). Let d = 38 - c. Let k(h) = -2*h**3 - 2*h**2 - 3*h + 2. Let i be k(-4). Calculate the highest common factor of d and i.
10
Let i(r) = -115*r + 7. Let j be i(-1). Let l = -87 + j. Suppose 4*g = 2*c - 379 - 177, -g - 559 = -2*c. Calculate the highest common divisor of l and c.
35
Let g(c) = c**3 + 2*c**2 + 3*c - 5. Let u be g(2). Let f(s) = -2*s**2 + 51*s - 9. Let i be f(u). Calculate the greatest common factor of i and 112.
56
Suppose -14*v + 426 = -274. Suppose 40*w - 210 = -v. Calculate the greatest common divisor of 20 and w.
4
Let y(w) = -3*w + 2*w**3 - 51 + 6*w - 19*w**2 + 3*w**2 + 36. Let m be y(8). Calculate the highest common factor of m and 9.
9
Let h(i) = -i + 32. Let r be 2 + 1 - (5 + -2). Let t be h(r). Suppose 37*d = 45*d - 64. What is the greatest common factor of t and d?
8
Let g = -10 - -17. Suppose -2*a - g - 1 = -4*z, 5*z - 5*a = 10. Suppose 20 = w + 3*w, -z*j - 4*w = -152. What is the highest common factor of 33 and j?
33
Suppose -318 - 370 = -8*x. Let w = x + -82. Suppose 5*b = -w*o + 73, -3*b + 5*b - 70 = -5*o. What is the highest common factor of o and 36?
12
Suppose -4*s + 26 = 4*b - 134, 5*b = 4*s + 155. Let u be ((-2086)/b - 10)*(-5)/2. Calculate the highest common divisor of 58 and u.
58
Let y = 102 + -118. Let k be y/(-4) + (5 - -11). What is the greatest common factor of k and 70?
10
Suppose -4*u = -93693 - 37815. What is the highest common divisor of 117 and u?
117
Suppose 146*y = 2884 + 2080. Calculate the greatest common divisor of y and 7.
1
Let z = -38 + 44. Suppose 34 = -4*b + z*b + 2*a, b + 4*a = 26. Suppose 2*n + 850 = 5*o - 0*n, 3*o = n + 509. Calculate the highest common factor of b and o.
14
Let q(l) = -31943*l**3 + 2*l**2 + 17*l + 16. Let f be q(-1). Calculate the greatest common divisor of f and 24.
24
Suppose 4*n + n = 2*u - 20, -3*n = 2*u - 36. Suppose 0 = 3*t - v - 46, t - v - u = 3. Calculate the greatest common divisor of 8 and t.
2
Let f = 59287 + -59122. Let z = -5 - -7. Suppose -3*m + 0*m = -5*d + 150, -z*d - 5*m = -91. Calculate the highest common divisor of f and d.
33
Let d(b) = 5*b - 48. Let a be d(10). Suppose 5*u + a*u - 49 = 0. What is the highest common divisor of u and 77?
7
Suppose -6*k + 3*k = -12, -132 = -3*h + 3*k. Calculate the highest common divisor of 12 and h.
12
Let p be 233 + 0 - (10 - 15). Suppose -4*u + 388 = 4*y, 2*y = 5*y + 2*u - 296. What is the greatest common factor of p and y?
34
Let t be (-22)/(-6) - (-2)/6. Suppose -2*n - 220 = -5*b - 5*n, -3*n + 173 = t*b. Calculate the greatest common divisor of b and 611.
47
Let d = -859 - -2015. What is the highest common divisor of 340 and d?
68
Let u(y) = 4*y**2 + 14*y - 10. Let l(m) = -m**2. Let v(h) = 3*l(h) + u(h). Let c be v(-15). Calculate the highest common factor of c and 15.
5
Let g = 8073 - 6273. What is the highest common divisor of 810 and g?
90
Let s(z) = -523*z + 3830. Let i be s(7). What is the highest common divisor of 117 and i?
13
Suppose -13366 = -4*b - q, -q - 22 = -28. What is the highest common factor of b and 10?
10
Let k be 36/(-45)*((-17595)/(-6))/(-17). Calculate the highest common factor of 38778 and k.
138
Let u be 2/5 - (-9 + 6280/(-50)). Suppose -u = -0*z - 5*z. Calculate the highest common divisor of 351 and z.
27
Let o be (444/9)/4*(21 - 0). Let z(w) = 3*w**2 - 56*w + 107. Let r be z(2). What is the greatest common factor of r and o?
7
Let k(t) = -10*t - 23*t**2 + 4 + 5 + 0 - 5*t**2. Let v be k(4). Let l = v + 677. Calculate the highest common factor of l and 18.
18
Let c(h) = 2*h**3 - 15*h**2 + 11*h - 104. Let r be c(8). What is the greatest common factor of r and 1520?
16
Let d be (-5)/25*(-5)/(-3) + (-266)/(-6). Calculate the greatest common divisor of d and 5.
1
Let o(r) = -r + 75 + 9*r + 38 + 3 - r. Let w be o(-16). Suppose 3*l + 10 = j + 25, 0 = -4*l - 3*j + 33. Calculate the greatest common divisor of l and w.
2
Let p be (-60)/(-12) + (-102 - 1). Let h = p - -103. Suppose -h*m - 31 = -c, -31 = -2*c + m + 22. Calculate the highest common divisor of c and 234.
26
Suppose -8412*s = -8409*s - 46314. Calculate the greatest common factor of 62 and s.
62
Let g(s) = s**3 - 77*s**2 + 293*s - 56. Let i be g(73). What is the greatest common factor of 2533 and i?
17
Let h(u) = -u**3 + 12*u**2 - 26*u - 2. Let s be h(9). Suppose -10*g = s - 37. What is the greatest common divisor of 1 and g?
1
Suppose 0 = 2*b + 5*s + 8, s - 12 = -2*s. Let f be (-6 - 286/b) + 3/(-7). Suppose 4*k = 3*k + f. What is the highest common factor of 2 and k?
2
Let z = 2088 - 2049. Let x be (14 + -1)*(-5)/(-1). What is the greatest common factor of z and x?
13
Let n = 17905 - 14177. What is the highest common factor of n and 112?
16
Let v be ((-265146)/7)/(-4 - -3). Calculate the highest common divisor of 59 and v.
59
Suppose -2*z + 54 = -106. Let q = z - 16. Calculate the highest common factor of q and 832.
64
Suppose -2*s + 7 = -2*r - 3, 25 = -r + 5*s. Let p(o) = 0 + 33 - 2*o + 20 - 15. Let i be p(r). What is the greatest common factor of 190 and i?
38
Let l be (-18)/45 + (-704)/(-10). Let i be (48/(-56))/(7/(-49)) + 8. Calculate the highest common divisor of l and i.
14
Let f be ((-7)/(154/8))/(-2 - (-200)/110). Calculate the greatest common factor of 226 and f.
2
Let v = -893 + 1003. What is the highest common divisor of 150 and v?
10
Let s be ((16 - 6) + -15)/(1/(-6)). Calculate the highest common factor of s and 790.
10
Let h(d) = -123*d - 844. Let f be h(-7). What is the greatest common divisor of f and 1088?
17
Let i(w) = 5*w**2 + 127*w - 2367. Let s be i(18). Calculate the greatest common divisor of s and 95.
19
Let q(p) = 171*p - 528. Let f be q(11). What is the greatest common divisor of f and 165?
33
Let n(l) = 2*l - 1. Let c(s) = 2*s. Let m(h) = c(h) + 3*n(h). Let d be m(2). What is the highest common divisor of 26 and d?
13
Let d = -1174 - -1229. Suppose -19*q + 284 = -571. Calculate the greatest common divisor of d and q.
5
Suppose -22*p = 36761 - 54124 - 45117. Calculate the highest common factor of 40 and p.
40
Suppose -1334 = -85*y + 281. Calculate the greatest common factor of 2299 and y.
19
Suppose -4 = -2*r - 2*a, -4*r + 4*a = -a - 17. Suppose -55 = -4*c - 3*g - 5, -2*c + r*g = -34. Calculate the highest common divisor of 35 and c.
7
